{"id":1414,"date":"2025-01-24T12:43:49","date_gmt":"2025-01-24T12:43:49","guid":{"rendered":"https:\/\/schulischesinklusionskonzept.landkreis-aurich.de\/?page_id=1414"},"modified":"2025-01-24T12:43:49","modified_gmt":"2025-01-24T12:43:49","slug":"notausgaenge-rettungswege","status":"publish","type":"page","link":"https:\/\/schulischesinklusionskonzept.landkreis-aurich.de\/?page_id=1414","title":{"rendered":"Notausg\u00e4nge \/ Rettungswege"},"content":{"rendered":"\n<p class=\"wp-block-paragraph\">Zur Entwicklung realisierbarer, sicherer L\u00f6sungen zur gleichzeitigen Sicherstellung von Barrierefreiheit und schneller Evakuierungsm\u00f6glichkeit sind intensive Absprachen mit der lokalen Feuerwehr und weiteren Rettungskr\u00e4ften notwendig.<\/p>\n\n\n\n<figure class=\"wp-block-table\"><table class=\"has-fixed-layout\"><tbody><tr><td><strong>Bereich<\/strong><\/td><td><strong>Ma\u00dfnahmen k\u00f6rperliche und motorische Entwicklung (KM)<\/strong><\/td><td><strong>Ma\u00dfnahmen Sehen (SE)<\/strong><\/td><td><strong>Ma\u00dfnahmen H\u00f6ren (H\u00d6)<\/strong><\/td><\/tr><tr><td rowspan=\"7\">Treppenhaus<\/td><td>beidseitiger Handlauf (in 2 H\u00f6hen f\u00fcr kleine und gro\u00dfe Sch\u00fclerinnen)<\/td><td>Durchgehender beidseitiger Handlauf mit taktilen und farbig unterschiedlichen Markierungen der versch. Stockwerke<\/td><td>&nbsp;<\/td><\/tr><tr><td>&nbsp;<\/td><td>&nbsp;<\/td><td>&nbsp;<\/td><\/tr><tr><td>Fahrstuhl zu allen Ebenen<\/td><td>Taktile und gro\u00df geschriebene Beschriftungen &nbsp;<\/td><td>&nbsp;<\/td><\/tr><tr><td>kontrastreiche Markierung der ersten und letzten Stufe<\/td><td>kontrastreiche Markierung aller Stufen, taktile Markierung der ersten und letzten Stufe und von Abs\u00e4tzen sowie als Ank\u00fcndigung der Treppe &nbsp;<\/td><td>&nbsp;<\/td><\/tr><tr><td>rutschhemmende Treppenstufen<\/td><td>Stufen, an denen man nicht h\u00e4ngen bleibt und \u00fcber die der Langstock gleiten kann<\/td><td>&nbsp;<\/td><\/tr><tr><td>Ggf. mehrere Evakuierungs-St\u00fchle<\/td><td>&nbsp;<\/td><td>&nbsp;<\/td><\/tr><tr><td>Evakuierungs-Aufzug<\/td><td>&nbsp;<\/td><td>&nbsp;<\/td><\/tr><\/tbody><\/table><\/figure>\n\n\n\n<p class=\"wp-block-paragraph\"><\/p>\n","protected":false},"excerpt":{"rendered":"<p>Zur Entwicklung realisierbarer, sicherer L\u00f6sungen zur gleichzeitigen Sicherstellung von Barrierefreiheit und schneller Evakuierungsm\u00f6glichkeit sind intensive Absprachen mit der lokalen Feuerwehr und weiteren Rettungskr\u00e4ften notwendig. Bereich Ma\u00dfnahmen k\u00f6rperliche und motorische Entwicklung (KM) Ma\u00dfnahmen Sehen (SE) Ma\u00dfnahmen H\u00f6ren (H\u00d6) Treppenhaus beidseitiger Handlauf (in 2 H\u00f6hen f\u00fcr kleine und gro\u00dfe Sch\u00fclerinnen) Durchgehender beidseitiger Handlauf mit taktilen und farbig [&hellip;]<\/p>\n","protected":false},"author":4,"featured_media":0,"parent":0,"menu_order":0,"comment_status":"closed","ping_status":"closed","template":"","meta":{"_crdt_document":"","inline_featured_image":false,"material-hide-sections":[],"footnotes":""},"class_list":["post-1414","page","type-page","status-publish","hentry"],"_links":{"self":[{"href":"https:\/\/schulischesinklusionskonzept.landkreis-aurich.de\/index.php?rest_route=\/wp\/v2\/pages\/1414","targetHints":{"allow":["GET"]}}],"collection":[{"href":"https:\/\/schulischesinklusionskonzept.landkreis-aurich.de\/index.php?rest_route=\/wp\/v2\/pages"}],"about":[{"href":"https:\/\/schulischesinklusionskonzept.landkreis-aurich.de\/index.php?rest_route=\/wp\/v2\/types\/page"}],"author":[{"embeddable":true,"href":"https:\/\/schulischesinklusionskonzept.landkreis-aurich.de\/index.php?rest_route=\/wp\/v2\/users\/4"}],"replies":[{"embeddable":true,"href":"https:\/\/schulischesinklusionskonzept.landkreis-aurich.de\/index.php?rest_route=%2Fwp%2Fv2%2Fcomments&post=1414"}],"version-history":[{"count":1,"href":"https:\/\/schulischesinklusionskonzept.landkreis-aurich.de\/index.php?rest_route=\/wp\/v2\/pages\/1414\/revisions"}],"predecessor-version":[{"id":1415,"href":"https:\/\/schulischesinklusionskonzept.landkreis-aurich.de\/index.php?rest_route=\/wp\/v2\/pages\/1414\/revisions\/1415"}],"wp:attachment":[{"href":"https:\/\/schulischesinklusionskonzept.landkreis-aurich.de\/index.php?rest_route=%2Fwp%2Fv2%2Fmedia&parent=1414"}],"curies":[{"name":"wp","href":"https:\/\/api.w.org\/{rel}","templated":true}]}}