{"id":1435,"date":"2025-01-24T12:45:27","date_gmt":"2025-01-24T12:45:27","guid":{"rendered":"https:\/\/schulischesinklusionskonzept.landkreis-aurich.de\/?page_id=1435"},"modified":"2025-01-24T12:45:27","modified_gmt":"2025-01-24T12:45:27","slug":"bushaltestelle-zufahrt-taxi","status":"publish","type":"page","link":"https:\/\/schulischesinklusionskonzept.landkreis-aurich.de\/?page_id=1435","title":{"rendered":"Bushaltestelle \/ Zufahrt Taxi"},"content":{"rendered":"\n<p class=\"wp-block-paragraph\">Im Rahmen der Barrierefreiheit werden auch an Haltestellen besondere Anforderungen gestellt. Deshalb sind bei der Neuausstattung von Haltestellen Hochborde zu<\/p>\n\n\n\n<p class=\"wp-block-paragraph\">ber\u00fccksichtigen, um im Zusammenhang mit der Niederflurtechnik den Fahrg\u00e4sten einen ebenerdigen Einstieg in die Busse zu erm\u00f6glichen. Dar\u00fcber hinaus sind sogenannte Aufmerksamkeitsfelder vorzusehen. (Bodenindikatoren, Blindenleitstreifen usw.)<\/p>\n\n\n\n<p class=\"wp-block-paragraph\">Gesonderte Stellpl\u00e4tze <strong>beim Haupteingangsbereich<\/strong> f\u00fcr Kleinbusse mit Rampe\/B\u00fchne vorsehen (nicht an einen Nebeneingang \u201eauslagern\u201c).<\/p>\n","protected":false},"excerpt":{"rendered":"<p>Im Rahmen der Barrierefreiheit werden auch an Haltestellen besondere Anforderungen gestellt. Deshalb sind bei der Neuausstattung von Haltestellen Hochborde zu ber\u00fccksichtigen, um im Zusammenhang mit der Niederflurtechnik den Fahrg\u00e4sten einen ebenerdigen Einstieg in die Busse zu erm\u00f6glichen. Dar\u00fcber hinaus sind sogenannte Aufmerksamkeitsfelder vorzusehen. (Bodenindikatoren, Blindenleitstreifen usw.) Gesonderte Stellpl\u00e4tze beim Haupteingangsbereich f\u00fcr Kleinbusse mit Rampe\/B\u00fchne vorsehen [&hellip;]<\/p>\n","protected":false},"author":4,"featured_media":0,"parent":0,"menu_order":0,"comment_status":"closed","ping_status":"closed","template":"","meta":{"_crdt_document":"","inline_featured_image":false,"material-hide-sections":[],"footnotes":""},"class_list":["post-1435","page","type-page","status-publish","hentry"],"_links":{"self":[{"href":"https:\/\/schulischesinklusionskonzept.landkreis-aurich.de\/index.php?rest_route=\/wp\/v2\/pages\/1435","targetHints":{"allow":["GET"]}}],"collection":[{"href":"https:\/\/schulischesinklusionskonzept.landkreis-aurich.de\/index.php?rest_route=\/wp\/v2\/pages"}],"about":[{"href":"https:\/\/schulischesinklusionskonzept.landkreis-aurich.de\/index.php?rest_route=\/wp\/v2\/types\/page"}],"author":[{"embeddable":true,"href":"https:\/\/schulischesinklusionskonzept.landkreis-aurich.de\/index.php?rest_route=\/wp\/v2\/users\/4"}],"replies":[{"embeddable":true,"href":"https:\/\/schulischesinklusionskonzept.landkreis-aurich.de\/index.php?rest_route=%2Fwp%2Fv2%2Fcomments&post=1435"}],"version-history":[{"count":1,"href":"https:\/\/schulischesinklusionskonzept.landkreis-aurich.de\/index.php?rest_route=\/wp\/v2\/pages\/1435\/revisions"}],"predecessor-version":[{"id":1436,"href":"https:\/\/schulischesinklusionskonzept.landkreis-aurich.de\/index.php?rest_route=\/wp\/v2\/pages\/1435\/revisions\/1436"}],"wp:attachment":[{"href":"https:\/\/schulischesinklusionskonzept.landkreis-aurich.de\/index.php?rest_route=%2Fwp%2Fv2%2Fmedia&parent=1435"}],"curies":[{"name":"wp","href":"https:\/\/api.w.org\/{rel}","templated":true}]}}