{"id":2,"date":"2022-10-14T10:21:52","date_gmt":"2022-10-14T10:21:52","guid":{"rendered":"https:\/\/schulischesinklusionskonzept.landkreis-aurich.de\/?page_id=2"},"modified":"2025-01-24T10:47:17","modified_gmt":"2025-01-24T10:47:17","slug":"sample-page","status":"publish","type":"page","link":"https:\/\/schulischesinklusionskonzept.landkreis-aurich.de\/","title":{"rendered":"Inklusionskonzept des Landkreises Aurich"},"content":{"rendered":"<div class=\"menu-startseite_oben-container\"><ul id=\"menu-startseite_oben\" class=\"menu\"><li id=\"menu-item-395\" class=\"menu-item menu-item-type-post_type menu-item-object-page menu-item-395\"><a href=\"https:\/\/schulischesinklusionskonzept.landkreis-aurich.de\/?page_id=63\">Pr\u00e4ambel<\/a><\/li>\n<li id=\"menu-item-769\" class=\"menu-item menu-item-type-post_type menu-item-object-page menu-item-769\"><a href=\"https:\/\/schulischesinklusionskonzept.landkreis-aurich.de\/?page_id=719\">Grunds\u00e4tze<\/a><\/li>\n<li id=\"menu-item-773\" class=\"menu-item menu-item-type-post_type menu-item-object-page menu-item-773\"><a href=\"https:\/\/schulischesinklusionskonzept.landkreis-aurich.de\/?page_id=55\">Prozesssteuerung<\/a><\/li>\n<li id=\"menu-item-775\" class=\"menu-item menu-item-type-post_type menu-item-object-page menu-item-775\"><a href=\"https:\/\/schulischesinklusionskonzept.landkreis-aurich.de\/?page_id=690\">Downloads<\/a><\/li>\n<\/ul><\/div>\n\n\n\n<h2 class=\"wp-block-heading\">Inklusionskonzept des Landkreises Aurich<\/h2>\n\n\n\n<p class=\"wp-block-paragraph\">Der Landkreis Aurich fasste im Rahmen einer Schulausschusssitzung den Beschluss, ein f\u00fcr den Landkreis g\u00fcltiges schulisches Inklusionskonzept zu entwickeln. Mit Erlass des Nds. Kultusministeriums vom 05.02.2020 ist den RZI die Entwicklung von regionalen Inklusionskonzepten zur sonderp\u00e4dagogischen Beratung und Unterst\u00fctzung \u00fcbertragen worden. Auf dieser Grundlage erarbeitet das RZI in Kooperation mit den kommunalen Tr\u00e4gern und weiteren regionalen Akteuren das regionale Inklusionskonzept. Das regionale Inklusionskonzept bildet die Grundlage f\u00fcr die Umsetzung des inklusiven Unterrichts und der Erziehung in der einzelnen Schule und flie\u00dft dort in die Schulprogrammarbeit ein. <\/p>\n\n\n\n<div class=\"wp-block-columns buttonblock has-large-font-size is-layout-flex wp-container-core-columns-is-layout-8f761849 wp-block-columns-is-layout-flex\">\n<div class=\"wp-block-column is-layout-flow wp-block-column-is-layout-flow\">\n<div class=\"wp-block-buttons has-custom-font-size has-medium-font-size is-content-justification-center is-nowrap is-layout-flex wp-container-core-buttons-is-layout-21295d6f wp-block-buttons-is-layout-flex\">\n<div class=\"wp-block-button has-custom-width wp-block-button__width-100\"><a class=\"wp-block-button__link wp-element-button\" href=\"https:\/\/schulischesinklusionskonzept.landkreis-aurich.de\/?page_id=13\" style=\"border-radius:0px\">\u00dcberg\u00e4nge<\/a><\/div>\n<\/div>\n<\/div>\n\n\n\n<div class=\"wp-block-column is-layout-flow wp-block-column-is-layout-flow\">\n<div class=\"wp-block-buttons is-content-justification-center is-layout-flex wp-container-core-buttons-is-layout-fe48e5de wp-block-buttons-is-layout-flex\">\n<div class=\"wp-block-button has-custom-width wp-block-button__width-100\"><a class=\"wp-block-button__link has-medium-font-size has-custom-font-size wp-element-button\" href=\"https:\/\/schulischesinklusionskonzept.landkreis-aurich.de\/?page_id=15\" style=\"border-radius:0px\">ES-Konzeption<\/a><\/div>\n<\/div>\n<\/div>\n<\/div>\n\n\n\n<div class=\"wp-block-columns buttonblock has-large-font-size is-layout-flex wp-container-core-columns-is-layout-8f761849 wp-block-columns-is-layout-flex\">\n<div class=\"wp-block-column is-layout-flow wp-block-column-is-layout-flow\">\n<div class=\"wp-block-buttons has-custom-font-size has-large-font-size is-content-justification-center is-nowrap is-layout-flex wp-container-core-buttons-is-layout-21295d6f wp-block-buttons-is-layout-flex\">\n<div class=\"wp-block-button has-custom-width wp-block-button__width-100\"><a class=\"wp-block-button__link has-medium-font-size has-custom-font-size wp-element-button\" href=\"https:\/\/schulischesinklusionskonzept.landkreis-aurich.de\/?page_id=636\" style=\"border-radius:0px\">Schulbegleitung<\/a><\/div>\n<\/div>\n<\/div>\n\n\n\n<div class=\"wp-block-column is-layout-flow wp-block-column-is-layout-flow\">\n<div class=\"wp-block-buttons has-custom-font-size has-large-font-size is-content-justification-center is-nowrap is-layout-flex wp-container-core-buttons-is-layout-21295d6f wp-block-buttons-is-layout-flex\">\n<div class=\"wp-block-button has-custom-width wp-block-button__width-100\"><a class=\"wp-block-button__link has-medium-font-size has-custom-font-size wp-element-button\" href=\"https:\/\/schulischesinklusionskonzept.landkreis-aurich.de\/?page_id=639\" style=\"border-radius:0px\">Unterricht in der inklusiven Schule<\/a><\/div>\n<\/div>\n<\/div>\n<\/div>\n\n\n\n<div class=\"wp-block-columns buttonblock has-large-font-size is-layout-flex wp-container-core-columns-is-layout-8f761849 wp-block-columns-is-layout-flex\">\n<div class=\"wp-block-column is-layout-flow wp-block-column-is-layout-flow\">\n<div class=\"wp-block-buttons has-custom-font-size has-large-font-size is-content-justification-center is-nowrap is-layout-flex wp-container-core-buttons-is-layout-21295d6f wp-block-buttons-is-layout-flex\">\n<div class=\"wp-block-button has-custom-width wp-block-button__width-100\"><a class=\"wp-block-button__link has-medium-font-size has-custom-font-size wp-element-button\" href=\"https:\/\/schulischesinklusionskonzept.landkreis-aurich.de\/?page_id=1391\" style=\"border-radius:0px\">Barrierfreiheit<\/a><\/div>\n<\/div>\n<\/div>\n\n\n\n<div class=\"wp-block-column is-layout-flow wp-block-column-is-layout-flow\"><\/div>\n<\/div>\n","protected":false},"excerpt":{"rendered":"<p>Inklusionskonzept des Landkreises Aurich Der Landkreis Aurich fasste im Rahmen einer Schulausschusssitzung den Beschluss, ein f\u00fcr den Landkreis g\u00fcltiges schulisches Inklusionskonzept zu entwickeln. Mit Erlass des Nds. Kultusministeriums vom 05.02.2020 ist den RZI die Entwicklung von regionalen Inklusionskonzepten zur sonderp\u00e4dagogischen Beratung und Unterst\u00fctzung \u00fcbertragen worden. Auf dieser Grundlage erarbeitet das RZI in Kooperation mit den [&hellip;]<\/p>\n","protected":false},"author":1,"featured_media":251,"parent":0,"menu_order":0,"comment_status":"closed","ping_status":"open","template":"","meta":{"_crdt_document":"","inline_featured_image":false,"material-hide-sections":{"title":true},"footnotes":""},"class_list":["post-2","page","type-page","status-publish","has-post-thumbnail","hentry"],"_links":{"self":[{"href":"https:\/\/schulischesinklusionskonzept.landkreis-aurich.de\/index.php?rest_route=\/wp\/v2\/pages\/2","targetHints":{"allow":["GET"]}}],"collection":[{"href":"https:\/\/schulischesinklusionskonzept.landkreis-aurich.de\/index.php?rest_route=\/wp\/v2\/pages"}],"about":[{"href":"https:\/\/schulischesinklusionskonzept.landkreis-aurich.de\/index.php?rest_route=\/wp\/v2\/types\/page"}],"author":[{"embeddable":true,"href":"https:\/\/schulischesinklusionskonzept.landkreis-aurich.de\/index.php?rest_route=\/wp\/v2\/users\/1"}],"replies":[{"embeddable":true,"href":"https:\/\/schulischesinklusionskonzept.landkreis-aurich.de\/index.php?rest_route=%2Fwp%2Fv2%2Fcomments&post=2"}],"version-history":[{"count":36,"href":"https:\/\/schulischesinklusionskonzept.landkreis-aurich.de\/index.php?rest_route=\/wp\/v2\/pages\/2\/revisions"}],"predecessor-version":[{"id":1398,"href":"https:\/\/schulischesinklusionskonzept.landkreis-aurich.de\/index.php?rest_route=\/wp\/v2\/pages\/2\/revisions\/1398"}],"wp:featuredmedia":[{"embeddable":true,"href":"https:\/\/schulischesinklusionskonzept.landkreis-aurich.de\/index.php?rest_route=\/wp\/v2\/media\/251"}],"wp:attachment":[{"href":"https:\/\/schulischesinklusionskonzept.landkreis-aurich.de\/index.php?rest_route=%2Fwp%2Fv2%2Fmedia&parent=2"}],"curies":[{"name":"wp","href":"https:\/\/api.w.org\/{rel}","templated":true}]}}