{"id":319,"date":"2023-02-10T06:57:28","date_gmt":"2023-02-10T06:57:28","guid":{"rendered":"https:\/\/schulischesinklusionskonzept.landkreis-aurich.de\/?page_id=319"},"modified":"2023-02-22T10:04:55","modified_gmt":"2023-02-22T10:04:55","slug":"beratung-zum-foerdergutachten","status":"publish","type":"page","link":"https:\/\/schulischesinklusionskonzept.landkreis-aurich.de\/?page_id=319","title":{"rendered":"Beratung zum F\u00f6rdergutachten"},"content":{"rendered":"\n<figure class=\"wp-block-table is-style-material\"><table><tbody><tr><td><strong>Titel der Ma\u00dfnahme aus der Zeitleiste<\/strong> <strong>&nbsp;<\/strong><\/td><td>Ggf. Bekanntgabe des F\u00f6rdergutachtens, Gespr\u00e4chsangebot an die Erziehungsberechtigten, evtl. F\u00f6rderkommission auf Verlangen der Erziehungsberechtigten<\/td><\/tr><tr><td><strong>Zeitraum<\/strong> <strong>&nbsp;<\/strong> <strong>&nbsp;<\/strong><\/td><td>nach Vorlage des Gutachtens &nbsp;<\/td><\/tr><tr><td><strong>Fristen:<\/strong> <strong>&nbsp;<\/strong> <strong>&nbsp;<\/strong><\/td><td>bis sp\u00e4testens Februar &nbsp;<\/td><\/tr><tr><td><strong>Verantwortlich<\/strong> <strong>&nbsp;<\/strong> <strong>&nbsp;<\/strong><\/td><td>Schulleiter*in der abgebenden Schule<\/td><\/tr><tr><td><strong>Beteiligte<\/strong> <strong>&nbsp;<\/strong> <strong>&nbsp;<\/strong><\/td><td>&#8211; Schulleitung der abgebenden Schule <br>&#8211; Klassenlehrer*in der abgebenden Schule <br>&#8211; F\u00f6rderschullehrkraft (der abgebenden Schule) <br>&#8211; Erziehungsberechtigte &nbsp;<\/td><\/tr><tr><td><strong>Ort<\/strong> <strong>&nbsp;<\/strong> <strong>&nbsp;<\/strong><\/td><td>abgebende Schule<\/td><\/tr><tr><td><strong>Ziele<\/strong> &nbsp;<\/td><td>Empfehlung eines Bedarfs an (ver\u00e4nderter) sonderp\u00e4dagogischer Unterst\u00fctzung oder deren Aufhebung Beratung \u00fcber die Beschulungsorte &nbsp;<\/td><\/tr><tr><td><strong>Beschreibung der Durchf\u00fchrung:<\/strong> <strong>&nbsp;<\/strong><\/td><td>Verordnung zur Feststellung eines Bedarfs an sonderp\u00e4dagogischer Unterst\u00fctzung, Erg\u00e4nzende Bestimmungen zur Verordnung (<a href=\"https:\/\/schulischesinklusionskonzept.landkreis-aurich.de\/?page_id=690\">s. Downloadbereich<\/a>). <\/td><\/tr><tr><td><strong>Dokumentation<\/strong><\/td><td>Formbl\u00e4tter zum Feststellungsverfahren, Protokolle (der F\u00f6rderkommission)<\/td><\/tr><\/tbody><\/table><\/figure>\n","protected":false},"excerpt":{"rendered":"<p>Titel der Ma\u00dfnahme aus der Zeitleiste &nbsp; Ggf. Bekanntgabe des F\u00f6rdergutachtens, Gespr\u00e4chsangebot an die Erziehungsberechtigten, evtl. F\u00f6rderkommission auf Verlangen der Erziehungsberechtigten Zeitraum &nbsp; &nbsp; nach Vorlage des Gutachtens &nbsp; Fristen: &nbsp; &nbsp; bis sp\u00e4testens Februar &nbsp; Verantwortlich &nbsp; &nbsp; Schulleiter*in der abgebenden Schule Beteiligte &nbsp; &nbsp; &#8211; Schulleitung der abgebenden Schule &#8211; Klassenlehrer*in der abgebenden [&hellip;]<\/p>\n","protected":false},"author":3,"featured_media":0,"parent":0,"menu_order":0,"comment_status":"closed","ping_status":"closed","template":"","meta":{"_crdt_document":"","inline_featured_image":false,"material-hide-sections":[],"footnotes":""},"class_list":["post-319","page","type-page","status-publish","hentry"],"_links":{"self":[{"href":"https:\/\/schulischesinklusionskonzept.landkreis-aurich.de\/index.php?rest_route=\/wp\/v2\/pages\/319","targetHints":{"allow":["GET"]}}],"collection":[{"href":"https:\/\/schulischesinklusionskonzept.landkreis-aurich.de\/index.php?rest_route=\/wp\/v2\/pages"}],"about":[{"href":"https:\/\/schulischesinklusionskonzept.landkreis-aurich.de\/index.php?rest_route=\/wp\/v2\/types\/page"}],"author":[{"embeddable":true,"href":"https:\/\/schulischesinklusionskonzept.landkreis-aurich.de\/index.php?rest_route=\/wp\/v2\/users\/3"}],"replies":[{"embeddable":true,"href":"https:\/\/schulischesinklusionskonzept.landkreis-aurich.de\/index.php?rest_route=%2Fwp%2Fv2%2Fcomments&post=319"}],"version-history":[{"count":7,"href":"https:\/\/schulischesinklusionskonzept.landkreis-aurich.de\/index.php?rest_route=\/wp\/v2\/pages\/319\/revisions"}],"predecessor-version":[{"id":891,"href":"https:\/\/schulischesinklusionskonzept.landkreis-aurich.de\/index.php?rest_route=\/wp\/v2\/pages\/319\/revisions\/891"}],"wp:attachment":[{"href":"https:\/\/schulischesinklusionskonzept.landkreis-aurich.de\/index.php?rest_route=%2Fwp%2Fv2%2Fmedia&parent=319"}],"curies":[{"name":"wp","href":"https:\/\/api.w.org\/{rel}","templated":true}]}}