{"id":553,"date":"2023-02-10T07:02:14","date_gmt":"2023-02-10T07:02:14","guid":{"rendered":"https:\/\/schulischesinklusionskonzept.landkreis-aurich.de\/?page_id=553"},"modified":"2023-02-20T12:36:29","modified_gmt":"2023-02-20T12:36:29","slug":"schulanmeldung","status":"publish","type":"page","link":"https:\/\/schulischesinklusionskonzept.landkreis-aurich.de\/?page_id=553","title":{"rendered":"Schulanmeldung"},"content":{"rendered":"\n<figure class=\"wp-block-table is-style-material\"><table><tbody><tr><td><strong>Titel der Ma\u00dfnahme<\/strong><\/td><td><strong>Schulanmeldung<\/strong><\/td><\/tr><tr><td><strong>Zeitraum<\/strong><\/td><td>Mai im Jahr vor der Einschulung (ca. 15 Monate vor der Einschulung)<\/td><\/tr><tr><td><strong>Fristen<\/strong><\/td><td>&#8211; Alle Kinder, die bis zum 30. September des Einschulungsjahres ihr 6. Lebensjahr vollenden werden, sind <strong>schulpflichtig<\/strong>. <br>&#8211; Auch j\u00fcngere Kinder k\u00f6nnen auf Antrag der Erziehungsberechtigten eingeschult werden, wenn der Entwicklungsstand eine erfolgreiche Mitarbeit im ersten Schuljahrgang erwarten l\u00e4sst. Die Entscheidung \u00fcber die Einschulung dieser so genannten <strong>\u201eKann-Kinder\u201c<\/strong> trifft die Schulleiterin oder der Schulleiter. <br>&#8211; <strong>\u201eFlexkinder-Regelung\u201c<\/strong>: Eltern, deren Kinder das sechste Lebensjahr in der Zeit vom 1. Juli bis zum 30. September vollenden, haben nunmehr die M\u00f6glichkeit, den Einschulungstermin um ein Jahr zu verschieben. <strong>Dabei m\u00fcssen die Eltern sich bis zum Stichtag (1. Mai eines jeden Schuljahres) entschieden haben<\/strong>, ob die Einschulung des Kindes um ein Jahr hinausgeschoben werden soll. In diesem Fall reicht eine schriftliche Erkl\u00e4rung gegen\u00fcber der Schule aus. <br>&#8211; ggf. Hinweis auf die notwendige Masernimpfung bis zum Schuleintritt <br>&#8211; Diagnostik bezogen auf eine evtl. notwendige vorschulische Sprachf\u00f6rderung, sofern kein Kindergarten besucht wird <br>&#8211; Schulpflichtige Kinder k\u00f6nnen f\u00fcr ein Jahr zur\u00fcckgestellt werden, wenn aufgrund ihres Entwicklungsstands zu erwarten ist, dass sie nicht erfolgreich im ersten Schuljahr der Grundschule oder einer F\u00f6rderschule mitarbeiten k\u00f6nnen. Sie k\u00f6nnen zum Besuch eines <strong>Schulkindergartens<\/strong> verpflichtet werden, wenn es diese Einrichtung im Bereich des Schultr\u00e4gers gibt. Die Entscheidung der Schulleiterin oder des Schulleiters erfolgt nach Beratung mit den Erziehungsberechtigten.<\/td><\/tr><tr><td><strong>Verantwortlich<\/strong><\/td><td>Schulleitung der aufnehmenden Schule<\/td><\/tr><tr><td><strong>Beteiligte<\/strong><\/td><td>Schulleitung, ggf. beauftragte Lehrkr\u00e4fte, Sekret\u00e4rin<\/td><\/tr><tr><td><strong>Ort<\/strong><\/td><td>aufnehmende Schule<\/td><\/tr><tr><td><strong>Beschreibung der Durchf\u00fchrung<\/strong><\/td><td>&#8211; Erstellen einer Sch\u00fclerInnenakte <br>&#8211; Erfassen der Stammdaten inkl. Geburtsurkunde <br>&#8211; Einholen\u00a0einer <a href=\"https:\/\/schulischesinklusionskonzept.landkreis-aurich.de\/?page_id=690\">Schweigepflichtentbindung<\/a> (Austausch Kindergarten-Schule) <br>&#8211; ggf. Kl\u00e4rung von Sorgerechtsfragen<\/td><\/tr><tr><td><strong>Dokumentation<\/strong><\/td><td>siehe oben<\/td><\/tr><tr><td><strong>Rechtliche Grundlagen<\/strong><\/td><td><strong>\u00a7 64 Beginn der Schulpflicht (NSchG)<\/strong> <br><strong>\u00a7 54 a Sprachf\u00f6rderma\u00dfnahmen (NSchG)<\/strong> <br><strong>\u00a7 71 Pflichten der Erziehungsberechtigten und Ausbildenden (NSchG)<\/strong> <strong>&nbsp;<\/strong> <br><strong>Weitergehende Informationen zur Zeit vor der Einschulung:<\/strong> <a href=\"https:\/\/www.mk.niedersachsen.de\/startseite\/schule\/unsere_schulen\/allgemein_bildende_schulen\/grundschule\/vor_der_einschulung\/vor-der-schule-149343.html\">https:\/\/www.mk.niedersachsen.de\/startseite\/schule\/unsere_schulen\/allgemein_bildende_schulen\/grundschule\/vor_der_einschulung\/vor-der-schule-149343.html<\/a> <strong>&nbsp;<\/strong> <br><strong>Weitergehende Informationen zur vorschulischen Sprachf\u00f6rderung:<\/strong> <a href=\"https:\/\/www.mk.niedersachsen.de\/startseite\/aktuelles\/presseinformationen\/neuausrichtung-der-vorschulischen-sprachfoerderung--kultusminister-tonne-wir-ruecken-die-bildungsarbeit-in-den-kindertagesstaetten-in-den-blick-und-foerdern-kinder-dort-wo-sie-sich-tagtaeglich-aufhalten-164193.html\">https:\/\/www.mk.niedersachsen.de\/startseite\/aktuelles\/presseinformationen\/neuausrichtung-der-vorschulischen-sprachfoerderung&#8211;kultusminister-tonne-wir-ruecken-die-bildungsarbeit-in-den-kindertagesstaetten-in-den-blick-und-foerdern-kinder-dort-wo-sie-sich-tagtaeglich-aufhalten-164193.html&nbsp; <\/a>&nbsp;<\/td><\/tr><\/tbody><\/table><\/figure>\n","protected":false},"excerpt":{"rendered":"<p>Titel der Ma\u00dfnahme Schulanmeldung Zeitraum Mai im Jahr vor der Einschulung (ca. 15 Monate vor der Einschulung) Fristen &#8211; Alle Kinder, die bis zum 30. September des Einschulungsjahres ihr 6. Lebensjahr vollenden werden, sind schulpflichtig. &#8211; Auch j\u00fcngere Kinder k\u00f6nnen auf Antrag der Erziehungsberechtigten eingeschult werden, wenn der Entwicklungsstand eine erfolgreiche Mitarbeit im ersten Schuljahrgang [&hellip;]<\/p>\n","protected":false},"author":3,"featured_media":0,"parent":0,"menu_order":0,"comment_status":"closed","ping_status":"closed","template":"","meta":{"_crdt_document":"","inline_featured_image":false,"material-hide-sections":[],"footnotes":""},"class_list":["post-553","page","type-page","status-publish","hentry"],"_links":{"self":[{"href":"https:\/\/schulischesinklusionskonzept.landkreis-aurich.de\/index.php?rest_route=\/wp\/v2\/pages\/553","targetHints":{"allow":["GET"]}}],"collection":[{"href":"https:\/\/schulischesinklusionskonzept.landkreis-aurich.de\/index.php?rest_route=\/wp\/v2\/pages"}],"about":[{"href":"https:\/\/schulischesinklusionskonzept.landkreis-aurich.de\/index.php?rest_route=\/wp\/v2\/types\/page"}],"author":[{"embeddable":true,"href":"https:\/\/schulischesinklusionskonzept.landkreis-aurich.de\/index.php?rest_route=\/wp\/v2\/users\/3"}],"replies":[{"embeddable":true,"href":"https:\/\/schulischesinklusionskonzept.landkreis-aurich.de\/index.php?rest_route=%2Fwp%2Fv2%2Fcomments&post=553"}],"version-history":[{"count":8,"href":"https:\/\/schulischesinklusionskonzept.landkreis-aurich.de\/index.php?rest_route=\/wp\/v2\/pages\/553\/revisions"}],"predecessor-version":[{"id":836,"href":"https:\/\/schulischesinklusionskonzept.landkreis-aurich.de\/index.php?rest_route=\/wp\/v2\/pages\/553\/revisions\/836"}],"wp:attachment":[{"href":"https:\/\/schulischesinklusionskonzept.landkreis-aurich.de\/index.php?rest_route=%2Fwp%2Fv2%2Fmedia&parent=553"}],"curies":[{"name":"wp","href":"https:\/\/api.w.org\/{rel}","templated":true}]}}