{"id":980,"date":"2023-02-24T07:41:36","date_gmt":"2023-02-24T07:41:36","guid":{"rendered":"https:\/\/schulischesinklusionskonzept.landkreis-aurich.de\/?page_id=980"},"modified":"2023-10-12T09:25:25","modified_gmt":"2023-10-12T09:25:25","slug":"ansprechpersonen-auno","status":"publish","type":"page","link":"https:\/\/schulischesinklusionskonzept.landkreis-aurich.de\/?page_id=980","title":{"rendered":"Ansprechpersonen AUNO"},"content":{"rendered":"\n<p class=\"wp-block-paragraph\"><\/p>\n\n\n\n<p class=\"has-text-align-center wp-block-paragraph\">Schulbegleitung AuNo gGmbH, Oldersumer Str. 65-73, 26605 Aurich<\/p>\n\n\n\n<p class=\"has-on-primary-color has-text-color wp-block-paragraph\">vvv<\/p>\n\n\n\n<p class=\"wp-block-paragraph\"><strong>Operative Leitung<\/strong>:&nbsp;&nbsp;&nbsp;&nbsp;&nbsp;&nbsp;&nbsp;&nbsp;&nbsp;&nbsp;&nbsp;&nbsp;&nbsp;&nbsp;&nbsp;&nbsp; <\/p>\n\n\n\n<p class=\"wp-block-paragraph\"><strong>Frau A. Gielsdorf<\/strong><\/p>\n\n\n\n<p class=\"wp-block-paragraph\">Tel.: 04931 \u2013 18 70 510 \/ <a href=\"mailto:a.gielsdorf@schulbegleitung-auno.de\">a.gielsdorf@schulbegleitung-auno.de<\/a><\/p>\n\n\n\n<p class=\"wp-block-paragraph\">Gartenweg 21, 26506 Norden, B\u00fcro 1.4 oder<\/p>\n\n\n\n<p class=\"wp-block-paragraph\">KVHS AUR, Oldersumer Str., 26605 Aurich, B\u00fcro 113<\/p>\n\n\n\n<p class=\"wp-block-paragraph\">Ansprechbar f\u00fcr alle Belange<\/p>\n\n\n\n<p class=\"wp-block-paragraph\"><\/p>\n\n\n\n<p class=\"wp-block-paragraph\"><strong>Verwaltungsleitung:&nbsp;&nbsp;&nbsp;&nbsp;&nbsp;&nbsp;&nbsp;&nbsp;&nbsp;&nbsp;&nbsp;&nbsp; <\/strong><\/p>\n\n\n\n<p class=\"wp-block-paragraph\"><strong><u>Frau S. Behrends<\/u><\/strong> (Standort Norden) f\u00fcr alle Pools<\/p>\n\n\n\n<p class=\"wp-block-paragraph\">Tel: 04931 \u2013 18 70 510 \/ <a href=\"mailto:s.behrends@schulbegleitung-auno.de\">s.behrends@schulbegleitung-auno.de<\/a><\/p>\n\n\n\n<p class=\"wp-block-paragraph\">Gartenweg 21, 26506 Norden, B\u00fcro 1.4<\/p>\n\n\n\n<p class=\"wp-block-paragraph\">Ansprechbar f\u00fcr alle Belange<\/p>\n\n\n\n<p class=\"wp-block-paragraph\">         <\/p>\n\n\n\n<p class=\"has-on-primary-color has-text-color wp-block-paragraph\">     ddddd<\/p>\n\n\n\n<p class=\"wp-block-paragraph\"><strong>Koordinatoren*innen:<\/strong>&nbsp;&nbsp;&nbsp;&nbsp;&nbsp;&nbsp;&nbsp;&nbsp;<\/p>\n\n\n\n<p class=\"wp-block-paragraph\"><strong><u>Herr A. Afonso<\/u><\/strong> \u2013 Pool Krummh\u00f6rn\/Hinte<\/p>\n\n\n\n<p class=\"wp-block-paragraph\">Tel: 01520 919 24 45 \/ <a href=\"mailto:a.afonso@schulbegleitung-auno.de\">a.afonso@schulbegleitung-auno.de<\/a><\/p>\n\n\n\n<p class=\"wp-block-paragraph\">B\u00fcro:&nbsp;&nbsp;&nbsp;&nbsp;&nbsp; IGS Krummh\u00f6rn<\/p>\n\n\n\n<p class=\"wp-block-paragraph\"><strong><u>Frau H. Gerdes<\/u><\/strong> \u2013 Pool Norden und Umgebung<\/p>\n\n\n\n<p class=\"wp-block-paragraph\">Tel.: 0176 191 92 434 \/ <a href=\"mailto:h.gerdes@schulbegleitung-auno.de\">h.gerdes@schulbegleitung-auno.de<\/a><\/p>\n\n\n\n<p class=\"wp-block-paragraph\">B\u00fcro&nbsp;&nbsp;&nbsp;&nbsp;&nbsp;&nbsp; GS im Spiet<\/p>\n\n\n\n<p class=\"wp-block-paragraph\"><strong><u>Frau Y.Ohmstedt<\/u><\/strong> \u2013 Pool Brookmerland\/ S\u00fcdbrookmerland ab Mai 2022<\/p>\n\n\n\n<p class=\"wp-block-paragraph\">Tel: 01520 919 24 43 \/ <a href=\"mailto:y.ohmstedt@schulbegleitung-auno.de\">y.ohmstedt@schulbegleitung-auno.de<\/a><\/p>\n\n\n\n<p class=\"wp-block-paragraph\">B\u00fcro:&nbsp;&nbsp;&nbsp;&nbsp;&nbsp; KVHS Norden \/ Gartenweg 21, Norden \/ B\u00fcro 1.3<\/p>\n\n\n\n<p class=\"wp-block-paragraph\"><strong><u>Frau H. Gawehn<\/u><\/strong> \u2013 Pool Aurich\/Ihlow<\/p>\n\n\n\n<p class=\"wp-block-paragraph\">Tel.: 01590 409 22 26 \/ <a href=\"mailto:h.gawehn@schulbegleitung-auno.de\">h.gawehn@schulbegleitung-auno.de<\/a><\/p>\n\n\n\n<p class=\"wp-block-paragraph\">B\u00fcro:&nbsp;&nbsp;&nbsp;&nbsp;&nbsp; KVHS Aurich \/ Haus A \/ B\u00fcro 113<\/p>\n\n\n\n<p class=\"wp-block-paragraph\"><strong><u>Frau S. Langer<\/u><\/strong> \u2013 Pool Aurich\/Ihlow<\/p>\n\n\n\n<p class=\"wp-block-paragraph\">Tel.: &nbsp;&nbsp;&nbsp;&nbsp;&nbsp;&nbsp; 01590 437 20 89 \/ <a href=\"mailto:s.langer@schulbegleitung-auno.de\">s.langer@schulbegleitung-auno.de<\/a><\/p>\n\n\n\n<p class=\"wp-block-paragraph\">B\u00fcro:&nbsp;&nbsp;&nbsp;&nbsp;&nbsp; KVHS Aurich \/ Haus A \/ B\u00fcro 113<\/p>\n\n\n\n<p class=\"wp-block-paragraph\"><u><strong>Frau P. Elsner<\/strong><\/u> \u2013 Pool Gro\u00dfefehn\/Wiesmoor<\/p>\n\n\n\n<p class=\"wp-block-paragraph\">Tel.: &nbsp;      01577 792 15 39 \/ <a href=\"mailto:p.elsner@schulbegleitung-auno.de\">p.elsner@schulbegleitung-auno.de<\/a><\/p>\n\n\n\n<p class=\"wp-block-paragraph\">B\u00fcro: &nbsp;&nbsp;&nbsp;&nbsp; KVHS Aurich \/ Haus A \/ B\u00fcro 113<\/p>\n\n\n\n<p class=\"wp-block-paragraph\"><strong>Frau J. T\u00f6pfer-Janssen<\/strong> \u2013 Pool Brookmerland\/S\u00fcdbrookmerland<\/p>\n\n\n\n<p class=\"wp-block-paragraph\">Tel.: &nbsp;      01520 9192417 \/ <a href=\"mailto:j.toepfer-janssen@schulbegleitung-auno.de\">j.toepfer-janssen@schulbegleitung-auno.de<\/a><\/p>\n\n\n\n<p class=\"wp-block-paragraph\">B\u00fcro: &nbsp;&nbsp;&nbsp;&nbsp; KVHS Aurich \/ Haus A \/ B\u00fcro 113<\/p>\n\n\n\n<p class=\"wp-block-paragraph\"><\/p>\n\n\n\n<p class=\"has-on-primary-color has-text-color wp-block-paragraph\">vvvv<\/p>\n\n\n\n<p class=\"wp-block-paragraph\"><strong>Co-Koordinatorinnen:&nbsp;&nbsp;&nbsp;&nbsp;&nbsp;&nbsp;&nbsp;&nbsp;&nbsp; <\/strong><\/p>\n\n\n\n<p class=\"wp-block-paragraph\"><strong><u>Frau S. Abel<\/u><\/strong> \u2013 Bedarfsermittlungen im Pool Brookmerland\/S\u00fcdbrookmerland<\/p>\n\n\n\n<p class=\"wp-block-paragraph\"><a href=\"mailto:s.abel@schulbegleitung-auno.de\">s.abel@schulbegleitung-auno.de<\/a><\/p>\n\n\n\n<p class=\"wp-block-paragraph\"><\/p>\n","protected":false},"excerpt":{"rendered":"<p>Schulbegleitung AuNo gGmbH, Oldersumer Str. 65-73, 26605 Aurich vvv Operative Leitung:&nbsp;&nbsp;&nbsp;&nbsp;&nbsp;&nbsp;&nbsp;&nbsp;&nbsp;&nbsp;&nbsp;&nbsp;&nbsp;&nbsp;&nbsp;&nbsp; Frau A. Gielsdorf Tel.: 04931 \u2013 18 70 510 \/ a.gielsdorf@schulbegleitung-auno.de Gartenweg 21, 26506 Norden, B\u00fcro 1.4 oder KVHS AUR, Oldersumer Str., 26605 Aurich, B\u00fcro 113 Ansprechbar f\u00fcr alle Belange Verwaltungsleitung:&nbsp;&nbsp;&nbsp;&nbsp;&nbsp;&nbsp;&nbsp;&nbsp;&nbsp;&nbsp;&nbsp;&nbsp; Frau S. Behrends (Standort Norden) f\u00fcr alle Pools Tel: 04931 \u2013 18 70 [&hellip;]<\/p>\n","protected":false},"author":3,"featured_media":0,"parent":0,"menu_order":0,"comment_status":"closed","ping_status":"closed","template":"","meta":{"_crdt_document":"","inline_featured_image":false,"material-hide-sections":[],"footnotes":""},"class_list":["post-980","page","type-page","status-publish","hentry"],"_links":{"self":[{"href":"https:\/\/schulischesinklusionskonzept.landkreis-aurich.de\/index.php?rest_route=\/wp\/v2\/pages\/980","targetHints":{"allow":["GET"]}}],"collection":[{"href":"https:\/\/schulischesinklusionskonzept.landkreis-aurich.de\/index.php?rest_route=\/wp\/v2\/pages"}],"about":[{"href":"https:\/\/schulischesinklusionskonzept.landkreis-aurich.de\/index.php?rest_route=\/wp\/v2\/types\/page"}],"author":[{"embeddable":true,"href":"https:\/\/schulischesinklusionskonzept.landkreis-aurich.de\/index.php?rest_route=\/wp\/v2\/users\/3"}],"replies":[{"embeddable":true,"href":"https:\/\/schulischesinklusionskonzept.landkreis-aurich.de\/index.php?rest_route=%2Fwp%2Fv2%2Fcomments&post=980"}],"version-history":[{"count":13,"href":"https:\/\/schulischesinklusionskonzept.landkreis-aurich.de\/index.php?rest_route=\/wp\/v2\/pages\/980\/revisions"}],"predecessor-version":[{"id":1164,"href":"https:\/\/schulischesinklusionskonzept.landkreis-aurich.de\/index.php?rest_route=\/wp\/v2\/pages\/980\/revisions\/1164"}],"wp:attachment":[{"href":"https:\/\/schulischesinklusionskonzept.landkreis-aurich.de\/index.php?rest_route=%2Fwp%2Fv2%2Fmedia&parent=980"}],"curies":[{"name":"wp","href":"https:\/\/api.w.org\/{rel}","templated":true}]}}